t + 3430. Let o be j(112). Calculate the highest common divisor of 154 and o.
154
Let j(a) = -a**2 + 256*a + 52899. Let k be j(-135). Suppose 50 = 5*n + 20. What is the greatest common factor of n and k?
6
Suppose 3*v + 5217 = 2*n, 4*v - 8617 + 732 = -3*n. What is the greatest common divisor of n and 216?
27
Let i(c) = -4*c**2 - 10*c + 13. Let g be i(11). Let s = 606 + g. Calculate the greatest common divisor of 1 and s.
1
Let k be (0 - -168)*(-66)/(-44). What is the greatest common factor of k and 1071?
63
Let f(l) be the first derivative of 3*l**4/4 - 4*l**3/3 - 2*l + 60. Let i be f(2). What is the greatest common divisor of i and 138?
6
Let d(k) = -2*k**2 - 80*k - 412. Let c be d(-32). What is the highest common factor of c and 850?
50
Suppose 0 = -5*i - 2*o + 150, -5*i - 34 = -3*o - 159. Let p = -9183 - -9211. What is the greatest common divisor of p and i?
28
Let h(n) = -n + 16. Let y be h(10). Suppose 10*z - y = 14. Let v be 209/z*5/((-15)/(-6)). What is the greatest common divisor of v and 19?
19
Let t = -16975 - -17098. Calculate the highest common divisor of t and 3.
3
Let t = 355 - 349. Let o be 66 - (8/(-16) - (-3)/t). Calculate the highest common factor of o and 297.
33
Let i = 227 - 17. Let a be i/(-4)*(140/25)/(-7). Calculate the greatest common factor of 126 and a.
42
Suppose 15079 - 2059 = 31*m. Let a(c) = c**2 + 2*c - 6. Let n be a(-4). Suppose n*p = 4*p - m. What is the highest common factor of p and 84?
42
Let a(z) = -77*z - 1. Let n be a(-1). Let l = -396856 + 397065. Calculate the highest common divisor of n and l.
19
Suppose 0 = -c - 3*i + 69, 3*c = 4*c - i - 49. Let l be (-24)/(-9)*108/48. Calculate the greatest common factor of l and c.
6
Let h = -313 + 373. Suppose 16 = -11*x + h. What is the greatest common divisor of 108 and x?
4
Suppose -f + 156 = q + 7, -5*f = 5. Calculate the greatest common factor of 24 and q.
6
Let m(v) = 8*v**3 + 3*v**2 - 37*v - 7. Let o be m(7). Calculate the highest common divisor of 63 and o.
21
Suppose 60*f - k = 53*f + 704, -3*f + 312 = 3*k. What is the highest common factor of f and 4747?
101
Suppose -y + 20*k = 17*k - 59, -4*k + 108 = 2*y. What is the highest common divisor of 76 and y?
4
Suppose 7657 - 61090 = -233*d + 40466. What is the greatest common factor of 91 and d?
13
Let g(t) = 5*t**3 - 8*t**3 - 24*t + 9*t**2 - 4*t**3 - 41 + 8*t**3. Let o be g(-10). Let s = 12 - 3. Calculate the greatest common factor of s and o.
9
Let v = 111 - 106. Suppose -598 = -v*b + 2*u, 0 = b - 4*u + 2*u - 118. Let y = 142 - b. Calculate the highest common factor of y and 11.
11
Let l be -6 - 562/(17/((-102)/4)). Calculate the highest common factor of 186 and l.
93
Let r = -33 + 39. Let u be (217 + -14 - -24) + (12 - 2)/(-2). What is the highest common factor of r and u?
6
Let m(k) = -5*k**2 + 4*k - 43. Let w(x) = 5*x**2 - 4*x + 38. Let a(g) = 3*m(g) + 4*w(g). Let o be a(4). What is the highest common factor of 29 and o?
29
Let r be (-7*11)/(-7 + 29/4). Let a = 374 + r. What is the highest common divisor of 165 and a?
33
Let p(m) = -m**3 + 53*m**2 + 550*m - 9. Let w be p(-9). What is the highest common divisor of 140 and w?
7
Let k be (3/(-2))/(255/(-60350)). Calculate the greatest common factor of 140 and k.
5
Let o be 947 - (0 + -3)/(6/(-4)). Suppose -x + o = 6*x. Suppose -2*s + 2*q = -106, -3*q + 5*q + 214 = 4*s. What is the highest common factor of s and x?
27
Let r be 25/(-100) - (-290)/8. Let q = 81 - r. Let f(s) = s**3 + 5*s**2 + 2*s + 1. Let k be f(-4). What is the highest common factor of q and k?
9
Let q be 4 + (-50)/(-14) + 33/77. Suppose 5*j - 5*p = 40, 4 = -q*j + 7*j + 4*p. Calculate the highest common divisor of 30 and j.
6
Let x(l) = -3*l**3 - 44*l**2 + 90*l - 38. Let q be x(-18). Calculate the greatest common divisor of 339 and q.
113
Suppose u - 3*v - 465 = 88, 5*u = -3*v + 2711. Suppose 0 = -12*w + 10*w + u. Suppose 170 = -l + 6*l. What is the greatest common factor of w and l?
34
Suppose -529 = -5*g - 89. Let j be (-10)/40 - (133/(-4))/1. What is the greatest common factor of g and j?
11
Let p(o) = 2 - 46*o**3 + 7*o**2 + 45*o**3 - 1 - 7*o. Let c be p(5). What is the highest common factor of 44 and c?
4
Let s = -86 + 76. Let h be (1 + s/15 + 123)*3. What is the greatest common factor of 10 and h?
10
Let y(o) be the first derivative of -2*o**2 - 40*o - 23. Let x = -30 - -16. Let k be y(x). Calculate the highest common divisor of k and 8.
8
Let g(x) = -12*x - 55. Let n be g(-5). Suppose 235 = n*i - 315. What is the greatest common factor of i and 40?
10
Let l be 52/(-6) - -9 - (-3518)/3. Calculate the highest common factor of 102 and l.
51
Suppose -4*h + 130 = h. Let w = 747 - 701. Suppose w*p = 84*p - 10868. Calculate the greatest common divisor of h and p.
26
Suppose 1074*f - 1029*f = 225. What is the greatest common factor of 1345 and f?
5
Let u = -37 - -39. Let d be 3 - ((-1 - u) + 10). Let y(v) = v**3 + 5*v**2 + 1. Let b be y(d). Calculate the highest common divisor of b and 51.
17
Suppose 10*m - 6*m = -n + 16, 4*n - 64 = -m. Suppose v - 16 = -15. What is the greatest common factor of v and n?
1
Let w = -24684 + 35565. Calculate the greatest common divisor of 124 and w.
31
Let r(j) = -j**3 + 53*j**2 - 40*j + 251. Let l be r(50). What is the highest common divisor of l and 162?
81
Let x = 96 + -76. Suppose 5*q = 9*q - 8, f - 4*q = x. What is the greatest common factor of f and 476?
28
Let s = -200 + 16076. What is the greatest common factor of 70 and s?
14
Suppose 203 + 353 = 47*j - 572. Calculate the highest common factor of 21 and j.
3
Let r be (20 - 59)*(-1)/(1*3). Suppose -203 = -4*x - 5*v, 2*v + 5 - 3 = 0. What is the highest common factor of x and r?
13
Let m = -558 + 563. Let z(k) = 20*k**2 - 3*k - 5. Let h be z(m). What is the greatest common divisor of h and 16?
16
Let l be (-1)/(-16) - (-266355)/720. Calculate the highest common divisor of 4 and l.
2
Let u(c) = -c**3 - 34*c**2 - 30*c + 61. Let r be u(-33). Let a = 128 + r. What is the highest common divisor of 72 and a?
18
Let q(v) = -7*v**3 - 14*v + 21. Let p be q(-7). Suppose 12*t - p = -8*t. What is the highest common factor of 36 and t?
18
Let p = 43 + -34. What is the highest common factor of p and 1503?
9
Let v(u) = -36866*u - 184300. Let j be v(-5). Suppose 270 = -0*h + 5*h. What is the greatest common divisor of j and h?
6
Suppose 2*x + 37*m - 7 = 36*m, m = 4*x - 17. Suppose x*k - 51 = 9. Calculate the highest common divisor of 105 and k.
15
Suppose 4*x - 4*n = 1624, 3*x - 4*n + 556 = 1777. Let c = 5871 - 5858. Calculate the highest common divisor of x and c.
13
Let p be -5 + 0 + 81*8/(9 - 1). What is the highest common divisor of p and 2508?
76
Let x(y) = -y**3 + 40*y**2 - 59*y + 134. Let z be x(31). What is the highest common factor of z and 114?
114
Let u(k) = -2*k**2 + k + 267. Let i be u(7). Calculate the highest common divisor of 33 and i.
11
Suppose -42*p + 16440 + 25896 = 0. Calculate the greatest common factor of 63 and p.
63
Let x = -123099 - -123983. Suppose -39 - 190 = -3*n - 5*r, 5*n - 350 = -2*r. What is the greatest common factor of n and x?
68
Suppose 5*x = -4*n - 599, 0*x = -5*n - 5*x - 745. Let k be (-4)/(24/(-6)) - n/2. Let o = k - 67. What is the highest common factor of 35 and o?
7
Let k be (6/(-4))/1*400/(-60). Suppose -k - 110 = -24*d. Calculate the greatest common divisor of d and 2.
1
Let w = -92 + 94. Let g(z) = -z**2 + 13*z - 18. Let u be g(9). Let b = 28 - u. Calculate the highest common factor of b and w.
2
Let w = 5217 + -5089. Calculate the highest common divisor of 15488 and w.
128
Let v(i) = -92*i - 64. Let s be v(-3). Let w = 234 - s. Calculate the highest common factor of 14 and w.
2
Suppose n - 2*n - 5 = -3*m, -5*m + 4*n = -20. Let l = 11 - 5. Let u be (m + 6/(-2))*(-40)/l. Calculate the greatest common factor of 50 and u.
10
Let t be (-4)/(3 + -5)*(-57)/(-2). Let p be (29 - -1)*(-228)/(-15). Calculate the highest common factor of t and p.
57
Let r(k) = k**2 + 8. Suppose -3 = -b - 9. Let h be r(b). Suppose m - 2*t = 32, 3*m = -3*t + 2 + 49. Calculate the greatest common divisor of h and m.
22
Let z = -1369 - -1385. Calculate the greatest common divisor of z and 162.
2
Suppose 93*c - 3*b - 6460 = 91*c, -b = -2. Calculate the greatest common factor of c and 53.
53
Suppose 4*s - 